 Determine a(x).
1
Suppose 36*y = 32*y - 16. Let v(t) be the first derivative of -5*t - 4/3*t**3 + 3 - 1/4*t**4 + 1/2*t**2. Determine v(y).
-9
Let x(f) = -19869*f**2 + 6625*f**2 + 6628*f**2 + f**3 + 8*f + 6623*f**2 - 1. Let g be (-1 + 1 - -1)*41. Suppose 3*c + 14 = 2*k, -4*k + 9 = 4*c + g. Give x(c).
-13
Let d(z) = z**3 + z**2 - 2*z - 1. Let c(s) = 7*s**3 - 12*s - 2. Let p(v) = -c(v) + 6*d(v). Give p(6).
-4
Let h = -1 + 5. Let p(b) = b**2 - 23 - h*b + 24 + 0*b**2. Calculate p(4).
1
Let h = -113 - -85. Let b = -36 - h. Let l(u) = u**3 + 7*u**2 - 7*u + 2. Give l(b).
-6
Let o be (-2)/18 + 114*9/486. Let l(x) be the first derivative of x - 2/3*x**3 - 1 + 1/2*x**2. Calculate l(o).
-5
Let h(y) = -y**3 + y**2 + y - 5. Suppose -140 = -t - 4*t. Let w be 3/2*t/(-6). Let u = w + 7. Calculate h(u).
-5
Let d(f) = -f**2 + 7*f - 4. Suppose -50 = -51*o + 205. Give d(o).
6
Let x(o) = o**2 - 4*o. Let t be 5 + (-1 - (1 - 0)). Suppose -2*k - t*d = 9, d = 5*k - 32 + 12. Calculate x(k).
-3
Let o(k) = k + 1. Suppose -11 = s - 13. Let v = -17 + s. Let f be 13/5 + (-6)/v. Determine o(f).
4
Let n(j) be the first derivative of 2*j**2 - 6*j + 2. Let h be n(6). Suppose -4*w = -h + 38. Let q(f) = -f. Calculate q(w).
5
Suppose 5*k + 2*x = 10, -3*x = 19*k - 22*k - 15. Let c(t) = -t**2 + 3*t + 8. Determine c(k).
8
Let c(a) = -2*a + 1. Let o be ((-8)/20)/((-1)/(-15)). Let h be 1/((14/o)/(-7)). Determine c(h).
-5
Let c(q) = 4*q**3 + 28*q**2 + 20*q + 12. Let t(p) = 7*p**3 + 52*p**2 + 39*p + 25. Let x(r) = 5*c(r) - 3*t(r). Calculate x(-15).
15
Suppose 0 = -j - 5 - 3. Let c(d) = -37*d - 29*d + 3*d**2 - 33*d + 2 + 92*d - 4*d**2. Determine c(j).
-6
Let w = 2037 - 2052. Let l(m) = -2*m - 10. What is l(w)?
20
Let x(c) = -c**3 + 2*c**2 + 17*c + 2. Let r(a) = -a**2 - 14*a - 28. Let s be r(-3). Determine x(s).
12
Let f(u) = -5*u**3 + 4*u - 3. Let v(w) = 14*w**3 - w**2 - 12*w + 9. Let m(z) = -17*f(z) - 6*v(z). Let l be m(-5). Let t(b) = 2*b**3 - b**2 + b - 1. Give t(l).
13
Suppose -567 + 168 = 133*r. Let a(w) = -6*w**2 - 3*w - 5. Let l(v) = 5*v**2 + 3*v + 4. Let y(u) = -4*a(u) - 5*l(u). Determine y(r).
0
Let s(u) = -u + 8. Let c(l) = -3*l + 17. Let n(o) = -2*c(o) + 5*s(o). Let d(w) = -3 + 1 + 2 - 13 - 2*w. Let f(h) = -3*d(h) - 7*n(h). Determine f(-3).
0
Let l(j) = j - 11. Suppose -5*r - 14 = -7*r. Suppose -18 + r = p. Let y = -5 - p. Determine l(y).
-5
Let n(k) = 2*k + 26. Let q be n(-12). Let s(r) be the third derivative of -7*r**5/60 + r**4/12 + r**3/3 - 18*r**2. Calculate s(q).
-22
Let z = -328 + 328. Let d(n) = 6*n. Let t(l) = 5*l. Let g(h) = 4*d(h) - 5*t(h). Calculate g(z).
0
Let x(f) = f**2 - 3*f + 5. Let h(t) = -2*t**2 + 30*t + 22. Let n be h(16). Let m(s) = s + 16. Let v be m(n). What is x(v)?
23
Let d be (6/(-4))/((-2)/68). Let p = d - 48. Let c(w) = 2*w**2 - 3*w - 2. What is c(p)?
7
Let u(s) = -2 + 10*s + 6*s + 3. Let q be (1/3)/(5/(13 - -2)). Let i be (q/(-4) - (-7 - -7))*-4. What is u(i)?
17
Let v(l) = 4*l - 29. Let p = 880 - 871. Calculate v(p).
7
Suppose -3*r - 12 = -2*t, -4*r + 9 = -t + 30. Let b(i) = -2*i**2 + 5*i + 13. Let d(m) = -m**2 + 3*m + 6. Let x(y) = r*b(y) + 13*d(y). Give x(4).
20
Let s(h) = -6 - 2 + 1 - 5*h + h. Let g = -64 - -58. Determine s(g).
17
Let d = -32 - -42. Let j be (48/15 - 4)/((-2)/d). Let h(k) = 2*k - 1. What is h(j)?
7
Let s = 11 + -9. Let b(y) = 5*y**2 - s*y**2 - 4*y**2 - 12 + 31. Give b(0).
19
Suppose 17 = -4*o + 33. Suppose -k = 3*r + 7, -3*k + 2 = -o*k + 2*r. Let q(s) = -s - 3. Determine q(k).
1
Let o(v) be the third derivative of 0 - 4*v**2 - 4/3*v**3 + 0*v - 1/12*v**4. Determine o(-7).
6
Let n(y) = y + 4. Let k be n(-2). Let w(x) = -8*x**k + 49 - 49. What is w(-1)?
-8
Let v = 803 - 811. Let w(g) = -g**2 - 8*g + 4. Calculate w(v).
4
Let r(g) = -g + 6. Let k(i) = -13*i - 78. Let z be k(-6). Determine r(z).
6
Let i(l) = -6*l + 22. Suppose 0 = p - 5*g + 10, -15*g = 5*p - 20*g - 10. Give i(p).
-8
Suppose -6 = -3*b + 4*w, -5*b - w + 31 = -2. Let y(u) = -8*u + 21*u - 6*u - b*u - 14*u**2 - 1. Calculate y(1).
-14
Let i(b) = -b**2 + 2*b + 3. Let m = -2 - -4. Suppose m*p = -7 + 13. What is i(p)?
0
Let y = 15 - 27. Let x be (y/10)/(20/(-50)). Let f(g) = 5*g - g**3 + g**x + 7 + 5*g**2 - 3 - g**3. Determine f(6).
-2
Let v(d) be the second derivative of 0 - d**2 - 2*d - 1/6*d**3. Calculate v(-6).
4
Let z(p) = -12*p**3 - p**2 + 2*p - 1. Let b = 116 + -115. Determine z(b).
-12
Let z(y) be the first derivative of -11/2*y**2 + 0*y - 1/12*y**5 - 1/6*y**3 + 0*y**4 - 10. Let x(t) be the second derivative of z(t). Give x(-1).
-6
Let p(i) = -5*i**2 + 2*i + 1. Let k(j) = -9*j**2 + 3*j + 2. Let x(f) = 3*k(f) - 5*p(f). Give x(2).
-9
Let q(p) = p**2 - 8*p. Let a be q(6). Let u be (-2)/(0 + 4/a). Let s(g) = g**2 - 9*g - 6. Let o(h) = -h**2 + 8*h + 5. Let i(t) = -4*o(t) - 3*s(t). What is i(u)?
4
Let x(l) = l**3 - 12*l**2 - 14*l + 7. Let d be (-4*(-3)/(-12))/((-1)/(-2)). Let i(a) = a**2 - 5*a - 1. Let v be i(d). Give x(v).
-6
Let f(x) = x**2 - 8*x + 3. Suppose 5*t - 65 = 3*l + l, l - 4 = -t. Calculate f(t).
12
Suppose 4*x - 6*x + 1 = -y, 4*y - 20 = -4*x. Let k(j) = -j - 2. Calculate k(x).
-4
Let i(c) be the second derivative of -c**4/6 + 5*c**3/6 + 2*c**2 - 19*c. Give i(4).
-8
Let u(n) be the second derivative of -n**5/20 + n**4/3 + 5*n**3/6 - 7*n**2 + 925*n. What is u(6)?
-56
Let w(m) be the third derivative of -3*m**5/10 - m**3/6 + 4*m**2. Let u be -25 + 23 + 2/2 + 2. What is w(u)?
-19
Suppose 4*m = -8, -2*m = -3*g + 10 - 0. Let d(a) = a**3 - 34*a**2 - 9*a + 69*a**g - 28*a**2. Give d(-8).
8
Let g(b) = -7*b**2 + 13*b + 6. Let r(c) = c**2 - c - 1. Suppose 3*x = 3, 6*x = 4*y + 4*x + 6. Let l(z) = y*g(z) - 6*r(z). Determine l(8).
8
Let u(b) = -4*b + 7. Let k(o) = o + 29. Let w be k(-22). Suppose -w*x - 11 = -67. Determine u(x).
-25
Let x(y) = -5*y**2 - 2*y - 6. Let k(m) = -17*m**2 - 7*m - 19. Let l(s) = 2*k(s) - 7*x(s). What is l(2)?
8
Let a(o) = -o**3 - 10*o**2 - 15*o + 6. Let d(v) = -v**3 - 10*v**2 - 14*v + 6. Let c(s) = -2*a(s) + 3*d(s). Determine c(-9).
33
Let r(y) = -y - 1. Let q(w) = -w**2 - 18*w - 33. Let j be q(-16). Let g(o) = -2*o**2 + 4*o - 5. Let h(d) = j*g(d) + r(d). Give h(3).
7
Suppose 28 = 983*j - 987*j. Let z(k) = -k**2 - 8*k + 8. Give z(j).
15
Let l(a) = 3*a**3 - 14*a**2 + 7*a + 3. Let f(d) = -10*d**3 + 45*d**2 - 22*d - 10. Let q(g) = 2*f(g) + 7*l(g). What is q(7)?
-13
Let b(x) = -14*x**2 - 198*x - 43. Let t be b(-14). Let n(s) = s**2 + 16*s - 17. What is n(t)?
-32
Let f = -53 + 46. Let o(u) = 5*u**3 + 6*u**2 - 6*u. Let g(t) = t**3. Suppose 3*n = 5*d + 8, 2*n - d + 1 + 3 = 0. Let q(a) = n*g(a) + o(a). Calculate q(f).
-7
Let s(c) be the first derivative of -3*c**2/2 - 7*c - 1. Let p(j) = j**2 - 16*j + 30. Let h be p(14). Let b be ((-3)/(-6))/(h*(-4)/80). What is s(b)?
8
Suppose o + 4 = 3*r + 2*o, -3*o = 2*r + 2. Let l(g) = -g - r*g - 6*g + g**3 + 8*g - 3. Determine l(0).
-3
Let w(z) be the first derivative of -2*z**3/3 + 4*z**2 - 6*z - 332. Determine w(4).
-6
Let h(c) be the first derivative of -c**3/3 - 4*c**2 - 16*c + 280. Give h(-7).
-9
Suppose -3 = -2*s + 9. Let y(z) = -9 + 7*z**2 - 2*z**2 + 10 + s*z - 3*z**2. What is y(-4)?
9
Let f(h) = -9*h + 4. Suppose 2*p - 8 = 2*k, 31 - 37 = -2*k. Determine f(p).
-59
Let n = -158 + 161. Let j(i) be the third derivative of 1/6*i**4 + 0 + 0*i + i**2 - 1/2*i**n. What is j(2)?
5
Let s(k) = 0 - 202*k - 2 + 198*k. Let g(z) = z**2 + 3*z - 1. Let j be g(-4). Suppose -j*a = -a - 6. Give s(a).
-14
Let s(o) be the third derivative of -o**5/10 - 116*o**2. What is s(2)?
-24
Let y(a) = a**3 - 13*a**2 - a + 14. Let b be y(13). Let g(f) = 9*f**3 + f**2 - 2*f + 1. Calculate g(b).
9
Let x(h) = -2*h**3 + 3*h**3 - 2*h - 6 + 5*h - 2*h - h**2. Give x(0).
-6
Let m = 14 - 15. Let p(s) = -4*s - 2. Let o be p(-2). Let w(i) = o + 6*i - 5 + 4*i - 4*i. Give w(m).
-5
Let s(a) be the first derivative of a**3/3 + a**2/2 - 7*a + 175. Let g be (0/(-1))/(-7 + 5). Calculate s(g).
-7
Let f(a) be the second derivative of a**7/840 - a**6/360 - a**5/120 + 3*a**4/8 - 11*a**3/6 + 12*a. Let c(h) be the second derivative of f(h). Give c(0).
9
Let a(p) = -6*p + 11. Let t be a(2). Let x be 2 + (-3 - t) - (3 - 6). Let i(c) = 4*c + 4. What is i(x)?
16
Let p(b) = -b + 12. Suppose 5*f - 75 - 25 = 0. Let i = 25 - f. Determine p(i).
7
Suppose 18 = 3*o - 4*p, 3*o